ivided by d?
15
Let z = 169 + -91. Calculate the remainder when z is divided by 27.
24
Suppose k - 430 = -4*k. Suppose 69 = 5*y - k. What is the remainder when y is divided by 8?
7
Let m(f) = -f**3 - 7*f**2 + 5. Let o be m(-7). Suppose o*j = 3*b + 31, 10*j - 5*j - 29 = 2*b. Calculate the remainder when 8 is divided by j.
3
Let k = 159 + -155. What is the remainder when k is divided by 3?
1
Suppose -b = 3, 2*l + 3*l = 5*b + 25. Suppose -60 = -l*s - 2*w, 34 = -2*s - 3*w + 99. Calculate the remainder when s is divided by 0 + 1/(3/27).
7
Let g(h) = 2*h**2 + 6*h - 3. Let v be g(-6). Suppose -u = -4*u + v. What is the remainder when (-290)/(-9) - 2/9 is divided by u?
10
Let o be 2/8 - (-11)/4. Suppose 0*a + o*a = 69. Calculate the remainder when a is divided by 13.
10
Suppose 0*g = -3*g + 6. Let a = -15 - -19. What is the remainder when a is divided by g?
0
Let b(k) = k**2 - 3*k - 4. Calculate the remainder when 41/(1/4*4) is divided by b(-3).
13
Let z = -62 - -97. Let f = -8 - -26. Calculate the remainder when z is divided by f.
17
Suppose 3*o = 2*l - 9 - 17, 0 = 5*l - 4*o - 51. Suppose 3*q - 14 - 1 = 0. Suppose -14 - 46 = -q*z. What is the remainder when z is divided by l?
5
Let o be (-4)/(-10) + (-94)/10. Let f = 35 + o. Let j = -9 - -23. Calculate the remainder when f is divided by j.
12
Suppose -m + 5*u = -35, 2*m - 4*u = -u + 98. What is the remainder when m is divided by 19?
17
Let z = 77 - 19. What is the remainder when z is divided by 23?
12
Suppose 0*j - 7 = -j. Calculate the remainder when j is divided by 4.
3
Let w be 1/2 + (-49)/(-2). Let o = w + -17. What is the remainder when 29 is divided by o?
5
Suppose 3*w + r - 4*r - 15 = 0, -24 = -2*w - 5*r. Suppose -t = -w - 35. Calculate the remainder when t is divided by 11.
9
Suppose l - 4*y - 16 - 38 = 0, 3*l - 2*y = 142. Calculate the remainder when l is divided by 16.
14
What is the remainder when 53 is divided by ((-140)/(-25))/(6/15)?
11
Suppose 5*c = 33 + 112. What is the remainder when c is divided by 16?
13
Calculate the remainder when (-8)/(-6)*(-21)/(-2) is divided by 4.
2
Let x(z) = 5*z**3 + 1. Let v be x(1). Suppose w - v = d, -3*d + 6 = -0*d. Let l(f) = f**3 - 7*f**2 - 8*f + 6. What is the remainder when 10 is divided by l(w)?
4
Let v(p) = -p - 5. Let i be v(-4). Calculate the remainder when (2 + i)/(3/15) is divided by 2.
1
Let n = 2 + 5. What is the remainder when 26 is divided by n?
5
Let t(y) = -y**2 - 7*y - 5. Calculate the remainder when t(-5) is divided by 7/(-21)*(-13 + 1).
1
Suppose 0 = 2*p - 76 - 84. Let z = p + -54. Let d(j) = j**3 + j**2 + j + 14. What is the remainder when z is divided by d(0)?
12
Let b(i) be the second derivative of -i**5/20 - i**4/12 - 2*i**3/3 + i**2/2 + 4*i. Calculate the remainder when b(-4) is divided by 22.
21
Let g = -42 + 27. Let l = 48 - g. Suppose 0 = -z + 4*f + l, -9 = -z - 5*f + 18. Calculate the remainder when z is divided by 16.
15
Let t be (-6)/((-9)/12 + 0). Let d(v) = -v**2 + 7*v + 6. Let r be d(t). Calculate the remainder when r/4*(-84 - -2) is divided by 11.
8
What is the remainder when 121 is divided by ((-62)/(-3))/(20/30)?
28
Let z(j) = -7*j - 5. What is the remainder when 46 is divided by z(-3)?
14
Let w be 0 + 0 + 1 - -1. Suppose 3*j = w*j + 37. Calculate the remainder when j is divided by (3 - 1)/(10/65).
11
Let k = 3 - -2. Suppose 0 = k*i - 4*i - 20. Calculate the remainder when i is divided by 11.
9
Let r = 4 - -12. Calculate the remainder when 46 is divided by r.
14
Let s = 39 - 23. Let a = 19 + -9. Suppose 4*m = 2*v - 18, a = 3*v - 2*m - 17. What is the remainder when s is divided by v?
7
Let i(b) = -b**2 + 41. Let o(n) be the third derivative of -n**4/24 + n**3/6 + 4*n**2. Let q be o(1). What is the remainder when i(q) is divided by 14?
13
Suppose 0*n + 3*n = 39. Let z(x) = 5 + 11*x + x**3 - 2*x**2 + 0*x - 8*x**2. Calculate the remainder when z(9) is divided by n.
10
Suppose -2*u = -0*u - 28. Calculate the remainder when u is divided by 3.
2
Suppose 4*g - 9 = -45. Let q = 37 + g. Calculate the remainder when q is divided by 10.
8
Suppose -3*n = -5*s + 2*s - 333, 2*n - 4*s - 228 = 0. Calculate the remainder when n is divided by 37.
34
Suppose 0 = 3*j + 12, 0*j = 5*z + 2*j + 23. Let s be 3*2*z/18. What is the remainder when s/((-60)/58 - -1) is divided by 10?
9
Suppose 3*r - l - 23 = 40, -5*r + 112 = -4*l. Let a = 74 + -39. Suppose a + 23 = g. Calculate the remainder when g is divided by r.
18
Let g = -18 - -31. Suppose 4*c = g + 11. Let y = c + 3. Calculate the remainder when 16 is divided by y.
7
Suppose -234 = -30*k + 24*k. Suppose x + 4*z = -0*x, 0 = -3*z - 6. What is the remainder when k is divided by x?
7
Let a = -8 + 18. Let t = 82 - 44. What is the remainder when t is divided by a?
8
Let h = 23 - 10. What is the remainder when (-364)/(-10) - 9/(-15) is divided by h?
11
Let w(i) = 5*i - 3. Suppose 15 + 13 = 2*a. What is the remainder when w(6) is divided by a?
13
Let r(c) = -c**3 + 7*c**2 + 9*c - 3. Let h = 14 + -7. What is the remainder when h is divided by r(8)?
2
Suppose -26 = -5*v - 1. What is the remainder when 8 is divided by v?
3
What is the remainder when ((-2)/(0 - -2))/((-3)/219) is divided by 15?
13
Let m(s) = s**2 - 4*s. What is the remainder when 17 is divided by m(5)?
2
Let k(m) = m**3 - m**2 + 5*m - 3. Calculate the remainder when k(2) is divided by 7.
4
Let d(h) = -h**3 + 7*h**2 + 11. Calculate the remainder when 65 is divided by d(7).
10
Let s(t) = t + 3. Let n be s(0). What is the remainder when 23 is divided by 3*9/n - 1?
7
Suppose 2*l = 3*l - 6. Let y = 9 - l. Let g(c) = 2*c**3 - 4*c**2 + 3*c - 4. What is the remainder when g(y) is divided by 12?
11
Let f = 83 + -30. Calculate the remainder when f is divided by 22.
9
Let u = 37 + -9. Let o = 8 + -5. Suppose -o - 7 = -t. What is the remainder when u is divided by t?
8
Suppose 0 = 5*s - 4*s - 22. Calculate the remainder when s is divided by 8.
6
Suppose -b = b - 224. Suppose b = 5*x - x. Let j = x - 1. Calculate the remainder when 53 is divided by j.
26
Let f = 145 + -89. Suppose 0 = 2*x + 2*x - f. Calculate the remainder when x is divided by 5.
4
Let m = 3 - 3. Suppose m = -5*g + 9 + 26. What is the remainder when 12 is divided by g?
5
Suppose -2*a - 2*a = 0. Suppose -y - 3 = a, -w + 3 = y - 7. Calculate the remainder when 38 is divided by w.
12
Let y(k) = -2*k - 8. Suppose -26*s = -10*s - 160. What is the remainder when s is divided by y(-6)?
2
Let h = 0 - -24. Suppose -2*k - 4*z + 181 - 23 = 0, -25 = -5*z. Calculate the remainder when k is divided by h.
21
Suppose 0 = 5*p - 8*p + 12. Suppose -3*z - z = -p. What is the remainder when 2 - (1 - 1 - -1) is divided by z?
0
Let z(l) = l + 5. Let c be z(-3). Suppose -19 = -c*r + 185. What is the remainder when r is divided by 26?
24
Calculate the remainder when (30/25)/(3/45) is divided by 11.
7
Let z = 9 + -8. Let k be (-2)/((-6)/9 + 0). Suppose 2*o = -k*h - 2, 5 - z = -o - 3*h. Calculate the remainder when o is divided by 1.
0
Let q(s) = 2*s**2 + 15*s - 31. Calculate the remainder when q(-15) is divided by 49.
47
Suppose 4*z + 3*u = 19, z - 4*z = -5*u - 7. Let x = 8 - z. Calculate the remainder when 7 is divided by x.
3
Suppose 0*i + 4*p = 3*i - 33, 3*p - 69 = -4*i. What is the remainder when 44 is divided by i?
14
Let z be ((-32)/(-10))/((-2)/(-10)). Let g = z - 8. Calculate the remainder when 23 is divided by g.
7
Let q(c) = c**3 + 6*c**2 - c - 5. Suppose -v = -2*v + 77. Calculate the remainder when q(-4) is divided by v/(-14)*(-1 + -1).
9
Suppose 3*a = 68 - 20. Calculate the remainder when 46 is divided by a.
14
Suppose 5*q = -4*v + 57, 5*q = q + 5*v + 21. Let l = -2 + q. Calculate the remainder when 12 is divided by l.
5
Suppose -4*b = -5*t + 110, 2*t + t - 98 = -4*b. What is the remainder when 152 is divided by t?
22
Suppose 2*w + 2 = 3*w. Suppose -74 = a + c, 0 = 4*a + 4*c - w*c + 292. Let t = a - -114. Calculate the remainder when t is divided by 22.
20
Let p(i) = i + 4. Let z be (-8 - -6)*(-14)/4. Calculate the remainder when p(z) is divided by 1 + (1 - (0 - 4)).
5
Suppose 0*g + 100 = -5*g. Let t = 37 + g. What is the remainder when 32 is divided by t?
15
Let c(o) = -2*o**3 + 3*o + 2. Let l be c(-2). Suppose -4*s + l = -0. Suppose 7*k - 36 = s*k. Calculate the remainder when k is divide